{"id":1327,"date":"2023-05-25T23:54:56","date_gmt":"2023-05-26T03:54:56","guid":{"rendered":"https:\/\/ingenieriaquimica.umsa.edu.bo\/?page_id=1327"},"modified":"2025-09-23T16:23:16","modified_gmt":"2025-09-23T20:23:16","slug":"objetivos-2","status":"publish","type":"page","link":"https:\/\/ingenieriaquimica.umsa.edu.bo\/index.php\/objetivos-2\/","title":{"rendered":"Objetivos *"},"content":{"rendered":"\t\t<div data-elementor-type=\"wp-page\" data-elementor-id=\"1327\" class=\"elementor elementor-1327\" data-elementor-post-type=\"page\">\n\t\t\t\t\t\t<section class=\"elementor-section elementor-top-section elementor-element elementor-element-d7e6829 elementor-section-boxed elementor-section-height-default elementor-section-height-default\" data-id=\"d7e6829\" data-element_type=\"section\" data-e-type=\"section\">\n\t\t\t\t\t\t<div class=\"elementor-container elementor-column-gap-default\">\n\t\t\t\t\t<div class=\"elementor-column elementor-col-100 elementor-top-column elementor-element elementor-element-6d0ea04\" data-id=\"6d0ea04\" data-element_type=\"column\" data-e-type=\"column\">\n\t\t\t<div class=\"elementor-widget-wrap elementor-element-populated\">\n\t\t\t\t\t\t\t<\/div>\n\t\t<\/div>\n\t\t\t\t\t<\/div>\n\t\t<\/section>\n\t\t\t\t<section class=\"elementor-section elementor-top-section elementor-element elementor-element-2f8e274 elementor-section-full_width elementor-section-content-middle elementor-section-height-default elementor-section-height-default\" data-id=\"2f8e274\" data-element_type=\"section\" data-e-type=\"section\">\n\t\t\t\t\t\t\t<div class=\"elementor-background-overlay\"><\/div>\n\t\t\t\t\t\t\t<div class=\"elementor-container elementor-column-gap-no\">\n\t\t\t\t\t<div class=\"elementor-column elementor-col-50 elementor-top-column elementor-element elementor-element-ad08b0c\" data-id=\"ad08b0c\" data-element_type=\"column\" data-e-type=\"column\">\n\t\t\t<div class=\"elementor-widget-wrap elementor-element-populated\">\n\t\t\t\t\t\t<div class=\"elementor-element elementor-element-f1329ce elementor-widget__width-initial elementor-widget elementor-widget-heading\" data-id=\"f1329ce\" data-element_type=\"widget\" data-e-type=\"widget\" data-widget_type=\"heading.default\">\n\t\t\t\t<div class=\"elementor-widget-container\">\n\t\t\t\t\t<h3 class=\"elementor-heading-title elementor-size-default\">Nuestros Objetivos<\/h3>\t\t\t\t<\/div>\n\t\t\t\t<\/div>\n\t\t\t\t\t<\/div>\n\t\t<\/div>\n\t\t\t\t<div class=\"elementor-column elementor-col-50 elementor-top-column elementor-element elementor-element-e905516\" data-id=\"e905516\" data-element_type=\"column\" data-e-type=\"column\">\n\t\t\t<div class=\"elementor-widget-wrap elementor-element-populated\">\n\t\t\t\t\t\t<div class=\"elementor-element elementor-element-fdc1d9c elementor-widget__width-initial elementor-widget elementor-widget-text-editor\" data-id=\"fdc1d9c\" data-element_type=\"widget\" data-e-type=\"widget\" data-widget_type=\"text-editor.default\">\n\t\t\t\t<div class=\"elementor-widget-container\">\n\t\t\t\t\t\t\t\t\t<div align=\"justify\">\n<ul>\n<li>Formar profesionales en las especialidades de Ingenier\u00eda Qu\u00edmica con grado de Licenciatura y\/o grado de Maestr\u00eda, con capacidad de responder a las necesidades de desarrollo tecnol\u00f3gico del pa\u00eds.<\/li>\n<\/ul>\n<\/div>\n<p><!-- \/wp:html --><!-- wp:html --><\/p>\n<div align=\"justify\">\n<ul>\n<li>Dise\u00f1ar, e implementar programas del cuarto nivel, doctorados cient\u00edficos o PhD., incluyendo el Post-Doctorado en diferentes \u00e1reas de especializaci\u00f3n en base a las maestr\u00edas existentes o en l\u00edneas de investigaci\u00f3n estrat\u00e9gicas para el departamento y el pa\u00eds.<\/li>\n<\/ul>\n<\/div>\n<p><!-- \/wp:html --><!-- wp:html --><\/p>\n<div align=\"justify\">\n<ul>\n<li>Promover y desarrollar la investigaci\u00f3n aplicada para el uso adecuado de los recursos naturales, en el marco del desarrollo sostenible para contribuir al desarrollo industrial del pa\u00eds.<\/li>\n<\/ul>\n<\/div>\n<p><!-- \/wp:html --><!-- wp:html --><\/p>\n<div align=\"justify\">\n<ul>\n<li>Promover, desarrollar y fortalecer la interacci\u00f3n con otras instituciones p\u00fablicas y privadas comprometidas con el desarrollo nacional, en beneficio de las comunidades urbanas y rurales.<\/li>\n<\/ul>\n<\/div>\n<p><!-- \/wp:html --><!-- wp:html --><\/p>\n<div align=\"justify\">\n<ul>\n<li>Difundir a las instituciones, organizaciones, nacionales e internacionales y a la sociedad en su conjunto, los avances y resultados de las investigaciones, memorias de grado y otros trabajos generados por docentes y estudiantes, que contribuyan y aporten al desarrollo intelectual y cient\u00edfico del pa\u00eds.<\/li>\n<\/ul>\n<\/div>\n<p><!-- \/wp:html --><!-- wp:html --><\/p>\n<div align=\"justify\">\n<ul>\n<li>Apoyar, promover y participar en foros, congresos y dem\u00e1s eventos de car\u00e1cter nacional e internacional, que requieren del aporte, opini\u00f3n y criterios de las 3 especialidades.<\/li>\n<\/ul>\n<\/div>\n<p><!-- \/wp:html --><!-- wp:html --><\/p>\n<div align=\"jutify\">\n<ul>\n<li>Apoyar, promover y participar en las actividades extracurriculares de la universidad y la sociedad, como ser la cultura, el deporte el arte.<\/li>\n<\/ul>\n<\/div>\n<p><!-- \/wp:html --><!-- wp:html --><\/p>\n<div align=\"justify\">\n<ul>\n<li>Apoyo permanente a la actualizaci\u00f3n y capacitaci\u00f3n de sus docentes para mejorar el proceso de ense\u00f1anza aprendizaje, en el marco de las necesidades tecnol\u00f3gicas del pa\u00eds.<\/li>\n<\/ul>\n<\/div>\n<p><!-- \/wp:html --><!-- wp:html --><\/p>\n<div align=\"justify\">\n<ul>\n<li>Fomentar y promover el desarrollo acad\u00e9mico y social de los alumnos, mediante un desarrollo integral con empresas p\u00fablicas, privadas y comunitarias.<\/li>\n<\/ul>\n<\/div>\n<p><!-- \/wp:html --><!-- wp:html --><\/p>\n<div align=\"justify\">\n<ul>\n<li>Participar de redes acad\u00e9micas, investigaci\u00f3n y tecnol\u00f3gicas nacionales e internacionales.<\/li>\n<\/ul>\n<\/div>\t\t\t\t\t\t\t\t<\/div>\n\t\t\t\t<\/div>\n\t\t\t\t\t<\/div>\n\t\t<\/div>\n\t\t\t\t\t<\/div>\n\t\t<\/section>\n\t\t\t\t<\/div>\n\t\t","protected":false},"excerpt":{"rendered":"<p>Nuestros Objetivos Formar profesionales en las especialidades de Ingenier\u00eda Qu\u00edmica con grado de Licenciatura y\/o grado de Maestr\u00eda, con capacidad de responder a las necesidades de desarrollo tecnol\u00f3gico del pa\u00eds. Dise\u00f1ar, e implementar programas del cuarto nivel, doctorados cient\u00edficos o PhD., incluyendo el Post-Doctorado en diferentes \u00e1reas de especializaci\u00f3n en base a las maestr\u00edas existentes [&hellip;]<\/p>\n","protected":false},"author":2,"featured_media":0,"parent":0,"menu_order":0,"comment_status":"closed","ping_status":"closed","template":"","meta":{"site-sidebar-layout":"no-sidebar","site-content-layout":"page-builder","ast-site-content-layout":"default","site-content-style":"default","site-sidebar-style":"default","ast-global-header-display":"","ast-banner-title-visibility":"","ast-main-header-display":"","ast-hfb-above-header-display":"","ast-hfb-below-header-display":"","ast-hfb-mobile-header-display":"","site-post-title":"disabled","ast-breadcrumbs-content":"","ast-featured-img":"disabled","footer-sml-layout":"","theme-transparent-header-meta":"default","adv-header-id-meta":"","stick-header-meta":"","header-above-stick-meta":"","header-main-stick-meta":"","header-below-stick-meta":"","astra-migrate-meta-layouts":"default","ast-page-background-enabled":"default","ast-page-background-meta":{"desktop":{"background-color":"var(--ast-global-color-4)","background-image":"","background-repeat":"repeat","background-position":"center center","background-size":"auto","background-attachment":"scroll","background-type":"","background-media":"","overlay-type":"","overlay-color":"","overlay-opacity":"","overlay-gradient":""},"tablet":{"background-color":"","background-image":"","background-repeat":"repeat","background-position":"center center","background-size":"auto","background-attachment":"scroll","background-type":"","background-media":"","overlay-type":"","overlay-color":"","overlay-opacity":"","overlay-gradient":""},"mobile":{"background-color":"","background-image":"","background-repeat":"repeat","background-position":"center center","background-size":"auto","background-attachment":"scroll","background-type":"","background-media":"","overlay-type":"","overlay-color":"","overlay-opacity":"","overlay-gradient":""}},"ast-content-background-meta":{"desktop":{"background-color":"var(--ast-global-color-5)","background-image":"","background-repeat":"repeat","background-position":"center center","background-size":"auto","background-attachment":"scroll","background-type":"","background-media":"","overlay-type":"","overlay-color":"","overlay-opacity":"","overlay-gradient":""},"tablet":{"background-color":"var(--ast-global-color-5)","background-image":"","background-repeat":"repeat","background-position":"center center","background-size":"auto","background-attachment":"scroll","background-type":"","background-media":"","overlay-type":"","overlay-color":"","overlay-opacity":"","overlay-gradient":""},"mobile":{"background-color":"var(--ast-global-color-5)","background-image":"","background-repeat":"repeat","background-position":"center center","background-size":"auto","background-attachment":"scroll","background-type":"","background-media":"","overlay-type":"","overlay-color":"","overlay-opacity":"","overlay-gradient":""}},"footnotes":""},"class_list":["post-1327","page","type-page","status-publish","hentry"],"rttpg_featured_image_url":null,"rttpg_author":{"display_name":"Renzo Ortiz","author_link":"https:\/\/ingenieriaquimica.umsa.edu.bo\/index.php\/author\/rortiz\/"},"rttpg_comment":0,"rttpg_category":null,"rttpg_excerpt":"Nuestros Objetivos Formar profesionales en las especialidades de Ingenier\u00eda Qu\u00edmica con grado de Licenciatura y\/o grado de Maestr\u00eda, con capacidad de responder a las necesidades de desarrollo tecnol\u00f3gico del pa\u00eds. Dise\u00f1ar, e implementar programas del cuarto nivel, doctorados cient\u00edficos o PhD., incluyendo el Post-Doctorado en diferentes \u00e1reas de especializaci\u00f3n en base a las maestr\u00edas existentes&hellip;","_links":{"self":[{"href":"https:\/\/ingenieriaquimica.umsa.edu.bo\/index.php\/wp-json\/wp\/v2\/pages\/1327","targetHints":{"allow":["GET"]}}],"collection":[{"href":"https:\/\/ingenieriaquimica.umsa.edu.bo\/index.php\/wp-json\/wp\/v2\/pages"}],"about":[{"href":"https:\/\/ingenieriaquimica.umsa.edu.bo\/index.php\/wp-json\/wp\/v2\/types\/page"}],"author":[{"embeddable":true,"href":"https:\/\/ingenieriaquimica.umsa.edu.bo\/index.php\/wp-json\/wp\/v2\/users\/2"}],"replies":[{"embeddable":true,"href":"https:\/\/ingenieriaquimica.umsa.edu.bo\/index.php\/wp-json\/wp\/v2\/comments?post=1327"}],"version-history":[{"count":10,"href":"https:\/\/ingenieriaquimica.umsa.edu.bo\/index.php\/wp-json\/wp\/v2\/pages\/1327\/revisions"}],"predecessor-version":[{"id":1778,"href":"https:\/\/ingenieriaquimica.umsa.edu.bo\/index.php\/wp-json\/wp\/v2\/pages\/1327\/revisions\/1778"}],"wp:attachment":[{"href":"https:\/\/ingenieriaquimica.umsa.edu.bo\/index.php\/wp-json\/wp\/v2\/media?parent=1327"}],"curies":[{"name":"wp","href":"https:\/\/api.w.org\/{rel}","templated":true}]}}